e ((-63)/(-12))/(2/k). Calculate the greatest common divisor of z and x.
21
Let c = -37289 + 37621. What is the highest common divisor of 3569 and c?
83
Let b(u) = 2*u**3 - 9*u**2 - 2*u - 3. Let p be b(4). Let t = p - -36. Suppose -t = -5*j + 231. Calculate the greatest common divisor of 120 and j.
24
Let o be (-6)/15 + 597/5. Let t = o - 120. Let q be ((-38)/10 + t)/((-12)/270). Calculate the greatest common divisor of q and 12.
12
Let s = 306 + -293. Suppose -s*o + 106 + 830 = 0. Calculate the highest common divisor of 8 and o.
8
Let p be (1581/(-93))/((-2)/396). Calculate the greatest common divisor of 153 and p.
153
Suppose 3*l = -2*c + 1528, 9*c - 2549 = -5*l + 8*c. Calculate the greatest common factor of 66 and l.
6
Suppose 34*d + 136 = 458 + 154. Let n be (-1)/2*18/(-3). Suppose -n*f = 5*z - 68, 2*z - 6*z + 25 = f. What is the greatest common divisor of d and f?
7
Let x(o) = 44*o. Let c be (-2 + 1 - -3)*1. Let y be x(c). Let m be (-2)/4 + (-3 - 12/(-24) - -14). What is the highest common divisor of m and y?
11
Suppose 0 = -9*m + 20*m + 8822. Let t = -762 - m. Calculate the greatest common divisor of 64 and t.
8
Suppose -b + 1386 = 2*g, 139*g - 137*g - 4*b - 1356 = 0. Calculate the highest common divisor of 1265 and g.
115
Let n be (-2)/6*(35 + -32). Let z be n/3 + 2 + 13995/27. What is the highest common factor of z and 40?
40
Suppose 0 = -a - 2*q + 75, -5*q + 340 = 281*a - 276*a. What is the highest common factor of a and 7076?
61
Let h be (-141)/(-27) - 2/9. Suppose -422 + 1945 = -5*l + 2*w, -3 = 3*w. Let j be (-8)/(-10) - 10431/l. What is the highest common divisor of j and h?
5
Let w(m) = -3*m**2 - 5*m + 2. Let g(k) = -8*k**2 - 14*k + 8. Let l(n) = 4*g(n) - 11*w(n). Let q be l(7). What is the greatest common divisor of q and 78?
26
Suppose -35 = -5*k - 5*r, -5*k + 26*r + 28 = 24*r. Let m(d) = -67*d + 1. Let w be m(1). Let u = w + 114. What is the highest common factor of u and k?
6
Let q be (-9)/(-3)*4/6. Let r(g) = -2*g**3 + g**2 - 2*g - 633. Let x be r(0). Let p be 3*x/(-9) + -5 + q. What is the highest common divisor of p and 26?
26
Let m be (-4)/(-10) - 92/(-20). Suppose -504 = 5*x - 9*x. Suppose -3*n = -156 + x. Calculate the highest common factor of n and m.
5
Let y(q) = 4*q**2 + 2*q + 1. Let c = -42 + 44. Suppose -c*f - 2 = -f. Let j be y(f). What is the greatest common divisor of 91 and j?
13
Let t be ((-109549)/(-33) - 4)*3. Calculate the highest common factor of 49 and t.
49
Let p be (1218/35)/(-7*36/(-9240)). Calculate the highest common divisor of p and 2464.
44
Let w be 10*2*(-4)/(-8). Let i be 4/(-10) + 54/w. Let f be (1/2)/(-3 + (-1812)/(-600)). What is the greatest common divisor of f and i?
5
Suppose -3*n = 5*l - 72, -n - 5*l = -l - 31. Suppose -z - 9 = 3*v, -4*z - 2*v - 5 = -n. Calculate the highest common divisor of z and 16.
2
Let r = 1640 + -3027. Let j = r + 3003. Calculate the greatest common divisor of 101 and j.
101
Let c = 27319 + -25609. What is the greatest common divisor of c and 630?
90
Let r be 44007/45 - (-4)/60. Let t be -1 - r/(-9)*3. What is the greatest common factor of t and 260?
65
Suppose 0 = -45*p + 18*p - 13365. Let i = 526 + p. Calculate the highest common factor of i and 1.
1
Let v be (1/3)/((-13)/39) + -9. Let x be (2 + 0)*(315/v)/(-7). What is the highest common factor of x and 72?
9
Let b = -4751 - -4969. What is the highest common factor of b and 14606?
218
Let f(t) = -2*t**2 - 25*t + 46. Suppose -23*w + 18*w = 70. Let v be f(w). Suppose 59 = 3*k - 49. What is the highest common factor of k and v?
4
Let z be 2620160/2300 - (-1)/(-5). Calculate the greatest common divisor of 442 and z.
17
Let o(w) = 2*w**2 + 12*w - 20. Let j be o(7). Calculate the highest common divisor of j and 2862.
54
Let y = 5 - -10. Suppose y*c - 6*c - 9 = 0. Let a be 1*((-1)/c + 1 + 27). What is the highest common factor of 54 and a?
27
Suppose 27*a - 1144 = 5*a. What is the greatest common factor of 68 and a?
4
Let t = 13622 - 7731. What is the highest common divisor of 137 and t?
137
Let g(u) = 21*u**2 + 11*u - 4. Let z be g(1). Calculate the greatest common divisor of z and 1862.
14
Let w(v) = 2*v**3 - 7*v**2 - 25*v + 33. Let q be w(10). Suppose 110 = 17*l - 859. Calculate the highest common divisor of l and q.
57
Suppose 5*j = 3*f + 1866, 213*f + 1881 = 5*j + 215*f. Calculate the highest common factor of 175 and j.
25
Let y be 1/(2 + (-190)/96). Let z = -2568 + 2792. What is the highest common factor of y and z?
16
Let x be 805840/220 + 1 + (-2)/(-22). What is the greatest common factor of x and 687?
229
Let u be ((-3)/(-2))/((-3)/1646). Let p = u - -831. Suppose -w + 8 = -5*q, -24 = -3*w - q - 0*q. What is the highest common divisor of w and p?
8
Let k = -19 - -17. Let g(f) = -86*f - 1. Let p be g(k). Let w(d) = d**2 - 6*d + 19. Let l be w(6). Calculate the highest common factor of l and p.
19
Suppose -17 = 4*t + l - 82, t + 2*l - 18 = 0. What is the highest common divisor of t and 752?
16
Suppose 0 = -351*z + 223*z + 509696. What is the highest common divisor of z and 77?
11
Let q be (-483)/3*(-469)/67. What is the highest common factor of q and 56?
7
Suppose 350*b - 1117 - 371 = -146*b. Suppose -5*g + 87 = 2*v, 4*g + g - 138 = -3*v. What is the highest common divisor of v and b?
3
Let b = 335 - -76. Suppose -6 = -412*q + b*q. What is the highest common divisor of q and 114?
6
Let m be 2/(-11) - (-224)/22. Let v(i) = 72*i - 2701. Let z be v(38). What is the greatest common divisor of m and z?
5
Let n(d) = 5*d**2 + 2*d + 11. Let w be n(-5). Let f(p) = -2*p**2 - 30*p + 2. Let o be f(-11). Let l = 108 - o. What is the greatest common factor of w and l?
18
Suppose 3*f + 8 = a, 5*f + 16 - 11 = 0. Let r(t) = 2*t**2 - 10 + 4*t**2 + 3*t**2 + 3*t. Let s be r(a). What is the greatest common factor of 23 and s?
23
Let d(a) = 27*a**3 - 13*a**2 - 20*a + 81. Let s be d(6). What is the highest common divisor of s and 75?
75
Suppose -2190*i + 8188 = -143*i. Let u = 7 + -3. What is the highest common divisor of i and u?
4
Let c(j) = -446*j - 2009. Let l be c(-5). Calculate the highest common factor of l and 1343.
17
Suppose v - 197 = 4*b - b, -15 = 5*b. Suppose 0 = 5*w - 338 + v. Calculate the greatest common factor of 75 and w.
15
Let b be 13316/(-32)*-2 - 10/40. Calculate the highest common factor of b and 858.
26
Let w = 40 + -42. Let f be (0 + w)/(2/(-112)). Suppose f = 5*h + 92. Calculate the highest common factor of h and 10.
2
Let u(a) = 5*a**2 - 50*a + 109. Let c be u(7). Let n be (1 + 3)*(-15)/(-6). Calculate the highest common divisor of n and c.
2
Suppose f + 966 = 4*f. Let s = -39217 - -39231. What is the highest common factor of f and s?
14
Suppose 4*p + 140 = 3*f, -4*p = p - 20. Calculate the highest common factor of 3536 and f.
52
Suppose 4*q = 17*q - 831 - 235. Calculate the highest common factor of 9 and q.
1
Suppose 0 = -c - 28*c - 4*c + 148500. Calculate the highest common factor of c and 24.
12
Suppose -2*u - 2*u - a + 401 = 0, -114 = -u - 3*a. Suppose u = 35*r + 29. Calculate the highest common divisor of 34 and r.
2
Suppose 0 = 5*f - 7 - 18, 5*f + 107 = -4*b. Let d = -31 - b. Suppose 4*q - 20 = d*q. Calculate the highest common divisor of q and 70.
10
Let z(m) = m**2 + 9*m - 1140. Let k be z(-42). What is the greatest common divisor of 30 and k?
6
Let b = 11928 - 10036. What is the highest common factor of b and 440?
44
Suppose 178*m = 189*m - 484. Let s be 8/6*(-33)/(-1). Calculate the greatest common factor of s and m.
44
Let t be 2/3 - (-100)/12. Let g(j) = -5*j - 43 - 4*j**3 + 3*j**3 + 0*j + 10*j**2 + 51. Let i be g(t). What is the highest common factor of 22 and i?
22
Let c = 239 + -80. Let y = -108 + c. Suppose 0 = 5*b - 10 - 75. What is the highest common factor of b and y?
17
Let a be (1/(-2))/((-187)/4862). Calculate the highest common divisor of a and 5252.
13
Let k = -121 + 125. Suppose 4*f + 236 = k*z, -3*z + 2*f - 3*f = -169. What is the greatest common divisor of z and 95?
19
Let h(q) = -14*q + 1. Let d be h(-1). Let v(y) = y**3 - 11*y**2 - 5*y + 8. Let g be v(12). Let m = g - 77. Calculate the highest common divisor of d and m.
15
Suppose -2*q = 12, 7102 = 4*g + q + 976. Calculate the highest common divisor of g and 1752.
219
Suppose -63 = 5*q - 348. Suppose -624*m = -636*m + 2736. Wh